6*r. Determine i(b).
1
Suppose -4*b - k + 6 - 2 = 0, 0 = 5*b + 4*k + 6. Let l(r) = 7*r**2 - 7*r - 4*r**2 - 2*r**3 + 4*r**b - 1 + r**3. What is l(6)?
-7
Suppose 0 = 6*l - 2*l. Let b(n) = -n**2 - 1. Let k(t) = -t**3 - 5*t**2 - t + 2. Let s(a) = -6*b(a) + k(a). Determine s(l).
8
Suppose -5*c + 36 = 3*v - v, -9 = -3*v. Let l(p) be the third derivative of 5*p**2 + 0 + 0*p - 4/3*p**3 - 5/24*p**4 + 1/60*p**5. Determine l(c).
-2
Let n(x) = -2*x**2 - 5*x + 4. Suppose 8*c = 8 - 40. Calculate n(c).
-8
Let i be (-1)/(-5) - 3/15. Let q(s) = -s**3 - s**2 - 7*s - 10. Let v(d) = -d**3 - d**2 - 6*d - 9. Let k(z) = -6*q(z) + 7*v(z). Determine k(i).
-3
Let m be (-12)/16 - 46/(-8). Let n(z) = -3*z + z**2 + 5 - m*z - 5*z + 20*z. Give n(-6).
-1
Suppose 5*x - 20 = 0, 4*x = 2*a + 3*a + 26. Let b be a/(-6) - (-32)/(-6). Let v(t) = t**2 + 2*t - 4. What is v(b)?
11
Let h(n) = 2*n - 2. Let u(q) = -12*q + 4. Let z be u(-3). Suppose -3*i + z = -8*i. Let l = i + 11. What is h(l)?
4
Let j(k) = k**2 - 6*k. Suppose v = 1 + 3. Suppose v*g - 14 = -2. Suppose 5*t - 28 + g = 0. Calculate j(t).
-5
Let h(k) be the second derivative of -1/2*k**2 + k + 0 + k**3. Suppose 4*p + 6 = 3*p + 5*x, -5*x + 3 = 2*p. Determine h(p).
-7
Let r be (-6)/(-9)*(-5 + -1). Let h(n) = n**2 + 5*n + 3. Let x be h(r). Let t(v) = -7*v + 1. Determine t(x).
8
Let s = -49 - -53. Let v(w) = -w**2 + 3*w - 4. Give v(s).
-8
Let f(x) = 9 + 7*x**2 + 17*x**3 - 5*x - 3 - 18*x**3 - 2*x**2. Give f(4).
2
Let i(f) = -f**3 + 6*f**2 - 6*f. Let t = 18 - 26. Let m be t/3*(-9)/6. Give i(m).
8
Let l(h) = h**2 + 4*h - 1. Let q be l(-6). Let g = -5 + q. Let u(k) = -k**2 + 6*k - 4. What is u(g)?
-4
Let t(n) = -2*n + 42. Let l be t(20). Let x(f) be the first derivative of -7/3*f**3 - 2 + 2*f - 1/4*f**4 - 3*f**l. Determine x(-6).
2
Let l(q) be the second derivative of -q**5/20 + q**4/6 + q**3/6 - q**2/2 + 25*q. Give l(3).
-7
Let w(g) = g**2 + g. Let f(r) = r**3 + 7*r**2 + 7*r + 3. Suppose 2*a + 0 = 2. Let l(t) = a*f(t) - 4*w(t). Let h be (9/3)/((-3)/2). What is l(h)?
1
Let u(y) = -5*y**2 + 2*y + 1. Let l(i) = -i + 5. Suppose 5*r - 41 + 6 = 0. Let t be l(r). Let v be -2 + (-3)/6*t. Determine u(v).
-6
Let o(q) be the third derivative of 0*q + 0 - 6*q**2 - 1/6*q**3 + 1/24*q**4. Give o(0).
-1
Let d(s) = 2*s**2 + 2*s + 9. Let n(t) be the second derivative of t**4/12 + t**3/6 + 3*t**2 - 6*t. Let h(v) = 5*d(v) - 8*n(v). What is h(2)?
9
Let m(z) = -z**3 + 4*z**2 - 3*z + 3. Suppose -2*k + k + 3 = 0. What is m(k)?
3
Let r(p) be the first derivative of -p**2/2 - 7*p + 1. Let u be r(-5). Let w(n) = n**2 + 4*n + 1. Calculate w(u).
-3
Let k be (-7)/(-4) + 27/108. Let x(y) = -2*y**2 - 1. Calculate x(k).
-9
Let m(j) = -12 + 1 - 8*j + 2*j - 5*j. Let q(y) = 5*y + 5. Let k(b) = 7*b - 1. Let l be k(1). Let p(a) = l*m(a) + 13*q(a). Calculate p(0).
-1
Let q(y) = -y**3 - 7*y**2 - 6*y. Let f = 6 - 12. Give q(f).
0
Let n(q) be the second derivative of -q**5/20 - q**4/12 - q**3/6 + 13*q. Let b(g) = g**3 - 4*g**2 - 4*g - 6. Let w be b(5). Calculate n(w).
1
Let c(p) = -3*p + 8*p**3 - 27*p**2 + 5*p**3 + 2*p + 26*p**2 + 1. Determine c(1).
12
Suppose 3*h + 0*h + 3*w - 15 = 0, -h + 6 = 2*w. Suppose 0 = -3*x - k - 12, k = -h + 1. Let p(n) = -2*n + 1. Calculate p(x).
7
Let i be 14/133 + (-15)/(-38). Let r(c) be the second derivative of -4*c - 1/3*c**3 + i*c**2 + 0 + 5/12*c**4. Determine r(1).
4
Suppose 0 = 4*r + r - 10. Let l(f) = 0*f - f + r*f**2 - 4*f**2. Suppose 0 = 5*i + 1 + 4. Calculate l(i).
-1
Let v(a) = 5 - 328*a + 161*a + 165*a. Give v(5).
-5
Let y(b) be the first derivative of b**4/4 - 4*b**3/3 - 3*b**2 + 3*b - 2. Let u = 13 - 2. Let m = 16 - u. What is y(m)?
-2
Suppose 0 = g - 0*g + 3. Let z(u) be the second derivative of -2*u**2 + 2*u + 0 - 1/2*u**3. What is z(g)?
5
Suppose 46*h = 45*h + 1. Let c(k) = -5*k**2 + k - 1. Calculate c(h).
-5
Let f(a) = 16*a + 18. Let v(y) = -5*y - 6. Let z(t) = -3*f(t) - 10*v(t). Calculate z(0).
6
Let r(z) = z + 1. Let w(p) = -3*p - 2. Let u(a) = -4*r(a) - w(a). Give u(-5).
3
Suppose g = -5*c + 10, -8*g + 2*c - 4 = -4*g. Let y be 6/(-15) + 48/20. Let n(h) = -h**3 - 5*h + 4*h + y*h + 8 + 2. What is n(g)?
10
Let a(u) = 5*u - 2*u - 4*u. Let b be a(-3). Let f(t) = -3 - 2*t + 0 - b. Calculate f(-4).
2
Let t = -1 + 5. Let s(c) be the first derivative of c**3/6 - 3*c**2/2 - 2*c + 1. Let j(x) be the first derivative of s(x). Give j(t).
1
Let r(t) be the third derivative of -t**4/12 + t**3/3 + 8*t**2. Give r(-2).
6
Let p(l) = -l**3 + 7*l**2 + 3. Let x be p(7). Let c(u) = -1 + 8*u**2 + 0 - 7*u**2 - 2*u. Calculate c(x).
2
Let m(z) = -z**3 + z**2 + z. Suppose 2*h + 25 = -0*v + 3*v, -4*v + 2*h + 30 = 0. Let r be ((-4)/v)/((-8)/20). What is m(r)?
-2
Let y(g) = -5*g**3 - 4*g - 1. Let u(p) = 10*p**3 + 7*p + 2. Let c(x) = -3*u(x) - 5*y(x). Give c(-1).
5
Let b(t) = 2*t - 2. Let z = -6 - -10. Suppose 8 = -z*q, -h = h + 3*q. What is b(h)?
4
Let a(p) = -4*p + 19 + 5*p - 12 + 9*p**2. Let j(r) = 5*r**2 + 4. Let z(o) = -6*a(o) + 11*j(o). Calculate z(6).
2
Let h(z) = 8*z - 1. Let u(o) = -7*o + 1. Let v(m) = -2*h(m) - 3*u(m). Suppose 5*p = 7*p + 2. Give v(p).
-6
Let r be 6/5*(-65)/(-26). Suppose 0 = 5*w - 2*w - 3. Let y(t) = -1 - 1 - w - 2*t. Give y(r).
-9
Let b(o) = -o**2 + 4*o - 2. Let t(c) = c**3 - 7*c**2 - 7*c - 4. Let f be t(8). Give b(f).
-2
Let s(w) = w - 2*w + 3 + 0*w. Let o be -3 + 3 - (0 - 6). Calculate s(o).
-3
Let u(g) = -2*g**2 + 5*g - 3. Suppose 4*i - 2*v - 11 = -3*v, 3*v = 3*i - 12. What is u(i)?
-6
Let z(r) be the second derivative of r**3/6 + 3*r**2 - 5*r. Give z(0).
6
Let z(q) = q**3 - 5*q**2 + 4*q - 3. Let s = 60 + -58. Determine z(s).
-7
Let a(b) = -5*b**3 - b**2 + 2*b - 1. Let l = 0 - -3. Suppose -4*x = 4*t, 4*x + l = t - 2. Give a(t).
-5
Let l(o) = -o**2 + 4. Let z be l(0). Let g(a) = -a**2 + 4 - 210*a + 0*a**2 + 213*a. What is g(z)?
0
Suppose 0 = -r - 10 + 11. Let k(a) = -9*a**3 - 2*a**2 + 2*a - 3. Let h(q) = q**2 - q + 1. Let f(y) = -3*h(y) - k(y). Determine f(r).
9
Let c(w) be the third derivative of 2*w**2 - 1/3*w**3 + 0*w + 1/4*w**4 + 0 - 1/120*w**5. Let f(q) be the first derivative of c(q). What is f(0)?
6
Let d be (-9)/2 + 1/(-2). Suppose -y + 7 = n, 3*y + 2 + 12 = 4*n. Let f(v) = v - y + 2. What is f(d)?
-5
Let n(l) = -2*l**3 + l**2 - l. Let q(b) = b**3. Let c(a) = n(a) + 3*q(a). Let m(j) = -6*j**3 - 5*j**2 + 5*j. Let r(s) = 5*c(s) + m(s). Determine r(-1).
1
Let w(x) = -2*x**2 + x + 2. Let k be w(2). Suppose 0*y = y - 5. Let a(l) = 0*l**3 + 3*l + 4*l**3 - 2*l - 4 - y*l**3 - 4*l**2. What is a(k)?
-8
Let j(k) = -k**2 + 7*k - 2. Suppose -2*q + 162 = 3*n, 6 = n - 4*n. Let o be -9*7/(q/(-8)). Calculate j(o).
4
Let o(w) be the third derivative of 13*w**5/120 - w**4/24 + w**3 - 3*w**2. Let k(s) be the first derivative of o(s). What is k(1)?
12
Let x(g) be the third derivative of -g**7/840 + g**6/180 + g**5/24 - g**4/8 + g**3/6 - 3*g**2. Let a(t) be the first derivative of x(t). Calculate a(3).
3
Let c(a) = a - 1. Let v be c(5). Let t(i) = i**2 + 3*i - 2. Let d be t(-4). Let u(w) = -d*w + 0*w + w - v + 0*w. Give u(-2).
-2
Let r = -4 + 4. Suppose r*h = -2*h - 2. Let v(l) = 6*l**2 + 5*l - 2. Let p(a) = -12*a**2 - 11*a + 5. Let u(z) = -3*p(z) - 7*v(z). What is u(h)?
-5
Suppose -5*p - 7 = 3. Let r(v) = -v**2 + 1. What is r(p)?
-3
Let v(h) be the second derivative of h**3/2 - 3*h**2/2 - 2*h. Let p(i) = 4*i - 2. Let o(w) = 3*p(w) - 2*v(w). What is o(1)?
6
Let s be -1*(2 - (2 + 0)). Let z(t) = t + 0 - 3 - t**3 + t**2 + s*t**2. Suppose 0 = 5*r - 4*r. Give z(r).
-3
Let a be 1 + (-2)/1 + -3. Let u be (1 + -4)*4/(-6). Let b(n) = -2*n - u*n + 3*n. What is b(a)?
4
Let u be 2*(44/8 - 3). Suppose -4*c - c = -75. Suppose u*j + 28 = -3*y, -2*j - j = c. Let d(b) = 7*b**3 + 2*b**2 + 2*b + 1. Determine d(y).
-6
Let t(h) = -87 + 157 + h - 79. What is t(0)?
-9
Let w(r) = -r + 2. Let a(s) be the third derivative of s**6/120 - 7*s**5/60 - s**4/3 - s**3/2 + 2*s**2. Let o be a(8). Let g be o/((-6)/4) - -1. What is w(g)?
-1
Let d(i) = 3*i - 8. Let l be (1/1)/(2/(-14)). Let o(v) = v - 3. Let t(x) = -x**2 + 3*x. Let b be t(2). Let n(h) = b*d(h) + l*o(h). Determine n(5).
0
Let f(l) = l - 1. Let z be (36/16)/((-21)/56). Give f(z).
-7
Suppose s = 4*s - 6. Let v(w) = 1 - 2*w - s + 3. Calculate v(3).
-4
Let v(a) = 2*a + 8. Let g be (1 + -4 - 0) + -3. Give v(g